 8704 = 0, 0 = -4*g + k + 28975. List the prime factors of g.
2, 3, 17, 71
Let o = 293 - 584. Let y = o - -519. What are the prime factors of y?
2, 3, 19
Let z = 958 - 2155. Let w = 1744 + z. List the prime factors of w.
547
Let q be (-2)/8 + 315/28. Suppose 5*p + 5*f - 9 = q, 4*p + 2*f = 18. Suppose -p*j = -5*z - 110, 0*z - 2*z = j - 37. What are the prime factors of j?
3
Suppose -5*v + 0*k = -3*k + 321, 3*k = -v - 75. Let i = -69 - v. What are the prime factors of (39/i)/(1/(-5))?
5, 13
Let h(t) = 47*t**3 - 16*t**2 + 17*t + 39. List the prime factors of h(9).
3, 7, 1579
Let z(g) = g**2 + 7*g. Suppose 2 = q - 3, 4*j - 2*q = 10. Suppose j = -2*t - y - 14, 2*t - 4*y = -4. List the prime factors of z(t).
2
Suppose 151405 = 61*q - 216730. List the prime factors of q.
5, 17, 71
Let y = -340 - -594. Suppose 162 = s - y. What are the prime factors of s?
2, 13
Let d be 16/56 - (-48)/28. Let r(q) be the first derivative of 17*q**3/3 - 2*q - 1. What are the prime factors of r(d)?
2, 3, 11
Suppose 179419 = 14*x + 12819. Suppose -27*s + x = -2*s. What are the prime factors of s?
2, 7, 17
Let d(a) = 127*a**2 - 55*a + 892. What are the prime factors of d(10)?
2, 6521
Let s(f) = -18*f - 18. Let v be s(-2). Suppose 559 = v*c - 287. What are the prime factors of c?
47
Suppose 2*u = 4*x - 0*x - 18, -5*x + 36 = -4*u. Let r be (-894)/u*6/4. Let j = r - 89. What are the prime factors of j?
2, 3, 5
Suppose 2*r - 29*k = -24*k + 15158, -3*r + 22737 = 4*k. What are the prime factors of r?
11, 13, 53
Suppose 2*d = -2*x + 14, 11*d = 7*d - 5*x + 29. Suppose v = -2*w + 327, d*w - 3*w - 493 = -v. List the prime factors of w.
2, 83
Suppose -3*b - 23*b - 89*b = -1076975. List the prime factors of b.
5, 1873
Suppose -2*j - 2*g + 212 = 0, -4*j - 31 = 2*g - 463. Let h = 119 - j. List the prime factors of h.
3
Suppose 34354*q - 34364*q = -133370. List the prime factors of q.
13337
Let l be (4/3)/(2/3). Suppose 10 = 2*m, l*t - 6*t - 5*m = -1337. List the prime factors of -1 + (t/2)/4.
2, 5
Suppose -14422678 - 59118042 = -772*j. List the prime factors of j.
2, 5, 11, 433
Let v = 1351 - 890. Let o = v + -424. List the prime factors of o.
37
Let d be ((-1)/2)/(5/(-20)). Suppose -c = d*c - 6. Suppose -2*i + 86 = 2*g + 2*g, 104 = c*i - 5*g. What are the prime factors of i?
47
Let w = 144 - -33. Suppose w = -11*j + 1200. What are the prime factors of j?
3, 31
Let l = 2222 + -1290. Let x = 1753 - l. What are the prime factors of x?
821
Let a(z) = z**3 - 7*z**2 - z + 7. Let x be a(6). Let y = -32 - x. Suppose -y*h + 228 = -h. What are the prime factors of h?
2, 3, 19
Let t = 94 + -80. Let f = t - 19. Let d(y) = 4*y**2 - y + 28. List the prime factors of d(f).
7, 19
List the prime factors of 397799/7 - ((-366)/420 - (-84)/280).
3, 19, 997
Suppose -5*k + 5*y + 5 = 0, 5*y - 26 = -k + y. Let n be k + (1 - -3) + -7. Suppose -n*d + 240 = 7*d. List the prime factors of d.
2, 3
Let s(q) = -532*q + 35310. What are the prime factors of s(0)?
2, 3, 5, 11, 107
Suppose 4*b - 63868 - 58306 = 6*p, p = 3*b - 91634. What are the prime factors of b?
5, 41, 149
Suppose -l - 18 = 62. Let j = -75 - l. Suppose -j*b + 150 = -4*b. List the prime factors of b.
2, 3, 5
Let x(k) = k**3 + 8*k**2 + 17*k + 15. Let o be x(-5). Suppose 882 = -8*i + 9*i - o*s, -4*i + 3*s = -3511. What are the prime factors of i?
877
Let k be (-36)/2*-4*(-9)/(-72). What are the prime factors of 100/(-450) + 2675/k?
3, 11
Suppose 3*w = 198*f - 203*f + 130258, 2*w - 260512 = -10*f. What are the prime factors of f?
109, 239
Suppose 2*b + 48 = -14*b. What are the prime factors of (511 + (b - -2) + -3)/1?
3, 13
Suppose -18*j = 19*j - 68265. Suppose -7*t - f = -3*t - 2460, -5*f = 3*t - j. List the prime factors of t.
3, 5, 41
Let r(l) = -4*l**2 + 65*l + 4*l**2 - 75*l + 12*l**2 + 1. What are the prime factors of r(6)?
373
Let i = 62231 + 1388. What are the prime factors of i?
113, 563
Let u(r) = -2*r**2 - 6*r - 31. Let i(c) = c**2 + 1. Let s(g) = 4*i(g) + u(g). List the prime factors of s(-8).
149
Let u(v) = -v**3 - 4*v**2 - 16*v. Let s be 2*(-3 + (-1)/(-2)). What are the prime factors of u(s)?
3, 5, 7
What are the prime factors of 52 + -51 - -6055*1?
2, 757
Let g be (-12)/(-66) - 1494/(-11). Suppose h + 8 - g = 0. Suppose -2*d + 6*d - h = 0. What are the prime factors of d?
2
Let f = 58443 - 40967. What are the prime factors of f?
2, 17, 257
Let t = 3393 + 21055. What are the prime factors of t?
2, 191
Let p(a) = 2*a**2 + 23 - 81*a + 93*a - a**2. Let d be p(-10). List the prime factors of (12/9 + -1)/(d/603).
67
Let p = 13 + -54. Let k(x) = 46*x + 657. Let l be k(-13). Let z = l + p. What are the prime factors of z?
2, 3
Let m(f) = -73*f**2 - 2*f + 7. Let q be m(-8). Let a = q - -2531. What are the prime factors of (4/5)/(-3 + a/(-705))?
2, 47
Let o(r) = 2*r**2 + 64*r + 820. List the prime factors of o(59).
2, 5779
Let m be 6/(-33) - ((-25488)/66 + 5). Suppose -d - 1545 = -2*o - m, 0 = -4*d - 16. What are the prime factors of o?
2, 5, 29
Suppose 110*c - 4397024 = c - 483270. What are the prime factors of c?
2, 13, 1381
Suppose 4*r - 552 = -2*f, 15*r + 1078 = 4*f + 10*r. Suppose 265*g + 5845 = f*g. List the prime factors of g.
5, 167
List the prime factors of ((-9)/(-30) + 1864323/90 - 3) + -2.
2, 5, 19, 109
Let a = -725 - -1099. Suppose 4*l - 3*l = a. Suppose 4*d - 2*v = -12 + l, 4*v + 460 = 5*d. What are the prime factors of d?
2, 11
Let k = -451 - -451. Suppose -2*h + v + 351 + 812 = 0, k = -3*h - v + 1757. What are the prime factors of h?
2, 73
Suppose 2*j = p + 8854, 13*j - p - 35404 = 5*j. List the prime factors of j.
3, 5, 59
Let x = -128 + 129. List the prime factors of (x/(-2)*-2)/(20/4640).
2, 29
Let i(o) = o**2 - 11*o + 3. Let m be i(-9). Let n = m - 282. What are the prime factors of ((-6)/2*1)/(3/n)?
3, 11
Let a be 4/24 + 0 + (-28)/24. List the prime factors of a - (-280)/(-15)*-21.
17, 23
Let i(b) = -317*b**3 - 2*b**2 + 33*b + 138. List the prime factors of i(-4).
2, 3, 11, 307
Suppose 5*y - 17 = -2*w, 2*y + 5*w + 1 - 12 = 0. Let p(x) = -12*x + 18. Let g(c) = c + 1. Let z(a) = 9*g(a) + p(a). List the prime factors of z(y).
2, 3
What are the prime factors of ((-14)/119)/(118/(-58754737))?
58579
Let g be -4 - ((-3)/5 - 162/(-45)). Let h be (g + -3)/(-5) - (1 + -1). Suppose -h*u + 3*a + 400 = -147, 2*u - 2*a - 542 = 0. List the prime factors of u.
2, 7, 19
Let l be (4 - (-385)/(-28))*4/(-3). Let q(r) = r**3 - 12*r**2 - 3*r + 23. List the prime factors of q(l).
3, 17
Let c(o) = 415*o - 2218. List the prime factors of c(41).
14797
List the prime factors of (-4680)/(-416)*6752/6.
2, 3, 5, 211
Let t be 2/2 + (-3 + -5 - -13). Suppose 4*d + 4020 = 4*b, -4*d = 11*b - t*b - 5034. What are the prime factors of b?
2, 503
Suppose 5*i - 4*o - 289185 - 18535 = 0, o - 5 = 0. What are the prime factors of i?
2, 3, 23, 223
Let h(u) = -209*u + 2. Suppose 7 = -5*b - 3. Let l be h(b). Suppose l + 344 = 4*c. What are the prime factors of c?
191
List the prime factors of (0 - -1 - -24033) + (-266 - -265).
3, 8011
List the prime factors of 1/(-3)*44*((-5065)/5 + -4).
2, 3, 11, 113
Let o(h) = 8*h - 74. Let s be o(10). Suppose -3*y = -2*n + s*n - 648, 0 = 3*y - 12. What are the prime factors of n?
3, 53
Let t(d) = 8*d**2 + 21*d**2 - 2*d + 50 + d**3 - 52 - 9*d**2. List the prime factors of t(-19).
397
Let i be 8/(-14)*(5/(-2) + -1). What are the prime factors of 48 + (5 - (-1)/(i/(-10)))?
2, 3
Let n = -237 - -249. List the prime factors of ((-4)/n)/(9/(-6264)).
2, 29
Let o(b) = -225*b**3 - 5*b - 1. Let f be o(-2). Suppose 0 = -7*x + 494 + f. List the prime factors of x.
7, 47
Suppose -3*z + 3*b = -24, 0*b = -2*z - 5*b - 12. Suppose z*f = -3605 + 9945. List the prime factors of f.
5, 317
Let d = 8468 - 1467. What are the prime factors of d?
7001
Let m(u) = 34*u + 6. Let i = 21 - 41. Let x = i - -22. What are the prime factors of m(x)?
2, 37
Let i(n) = 422*n**3 + 6*n**2 - 14*n - 10. Let z(y) = 84*y**3 + y**2 - 3*y - 2. Let g(d) = 2*i(d) - 11*z(d). List the prime factors of g(-2).
2, 3, 53
Let s = -198 - -207. What are the prime factors of 15/((-10)/((-1320)/s))?
2, 5, 11
Let u be (74/(-4))/(-1*(-2)/(-4)). Suppose -2*k = -4*x - 42, 0 = -4*x - 0*k + k - u. List the prime factors of (-766)/x - (-5)/20.
2, 3
Suppose z - 148 = -2*v, -8*z - 282 = -4*v - 3*z. S